{"id":83,"date":"2020-12-11T22:53:44","date_gmt":"2020-12-11T21:53:44","guid":{"rendered":"http:\/\/www.heinritz-mutschler.de\/?page_id=83"},"modified":"2021-01-13T18:28:29","modified_gmt":"2021-01-13T17:28:29","slug":"supervision-2","status":"publish","type":"page","link":"http:\/\/www.heinritz-mutschler.de\/?page_id=83","title":{"rendered":"Supervision"},"content":{"rendered":"\n<p><strong>Was ist Supervision?<\/strong><\/p>\n\n\n\n<p>Supervision ist professionelle Beratung f\u00fcr den beruflichen Kontext. Sie \u201dblickt auf\u201d die verschiedenen Beziehungen und Aspekte im beruflichen Umfeld und bietet Unterst\u00fctzung bei der Bew\u00e4ltigung beruflicher Aufgaben und der Reflexion beruflichen Handelns.<\/p>\n\n\n\n<p><strong>Ziele von Supervision<\/strong><\/p>\n\n\n\n<p>Ziele von Supervision k\u00f6nnen sein:<\/p>\n\n\n\n<ul class=\"wp-block-list\"><li>qualitative Verbesserung der Berufsarbeit<\/li><li>h\u00f6here Zufriedenheit im Beruf<\/li><li>Kl\u00e4ren von Konflikten<\/li><li>Entdecken von neuen beruflichen Zielsetzungen<\/li><li>bessere Wahrnehmung des organisatorischen Kontextes<\/li><li>Kl\u00e4rung der eigenen Berufsrolle<\/li><li>Verbesserung der eigenen Arbeitsorganisation<\/li><\/ul>\n\n\n\n<p>Im Vorfeld der Supervision werden die Ziele und Rahmenbedingungen&nbsp;gemeinsam gekl\u00e4rt. (Sie k\u00f6nnen sich ggf. w\u00e4hrend des Supervisionsprozesses ver\u00e4ndern.) Nach dieser Vorkl\u00e4rung wird ein Kontrakt als Basis f\u00fcr die Supervision formuliert.<\/p>\n\n\n\n<p>M\u00f6glich ist Einzel-, Gruppen- oder Teamsupervision.&nbsp;<br><em>Einzelsupervision:<\/em>&nbsp;Im Mittelpunkt steht die individuelle Verbesserung der Arbeitssituation.<br><em>Gruppensupervision:<\/em>&nbsp;Personen aus verschiedenen Arbeitsumfeldern mit einem gemeinsamen Supervisionsinteresse unterst\u00fctzen sich durch Reflexion und R\u00fcckmeldung.<br><em>Teamsupervision<\/em>&nbsp;bezieht sich auf Personen, die in einem Team zusammenarbeiten. Ein Schwerpunkt ist die Verbesserung der Zusammenarbeit (Konfliktbew\u00e4ltigung, Kompetenzverteilung, Beziehungskl\u00e4rung).<\/p>\n\n\n\n<p>Hintergrund und Methodik unserer Arbeit ist die Gestalt-Supervision und unsere Ausbildung in Gestalttherapie.<\/p>\n\n\n\n<p>Honorar und Zeitumfang nach Vereinbarung. In vielen F\u00e4llen wird Supervision vom Arbeitgeber bezahlt oder bezuschusst. Ein erstes Kontaktgespr\u00e4ch ist grunds\u00e4tzlich kostenlos. In ihm kann abgekl\u00e4rt werden, ob Sie mit mir arbeiten wollen.<\/p>\n\n\n\n<p>Rosemarie bietet im Rahmen des Projekts \u201eLehrergesundheit\u201c Supervision f\u00fcr Lehrkr\u00e4fte kostenlos an, sowohl f\u00fcr Einzelpersonen als auch f\u00fcr schulinterne Gruppen oder Teams.<\/p>\n","protected":false},"excerpt":{"rendered":"<p>Was ist Supervision? Supervision ist professionelle Beratung f\u00fcr den beruflichen Kontext. Sie \u201dblickt auf\u201d die verschiedenen Beziehungen und Aspekte im beruflichen Umfeld und bietet Unterst\u00fctzung bei der Bew\u00e4ltigung beruflicher Aufgaben und der Reflexion beruflichen Handelns. Ziele von Supervision Ziele von Supervision k\u00f6nnen sein: qualitative Verbesserung der Berufsarbeit h\u00f6here Zufriedenheit im Beruf Kl\u00e4ren von Konflikten Entdecken &hellip; <\/p>\n<p class=\"link-more\"><a href=\"http:\/\/www.heinritz-mutschler.de\/?page_id=83\" class=\"more-link\"><span class=\"screen-reader-text\">\u201eSupervision\u201c<\/span> weiterlesen<\/a><\/p>\n","protected":false},"author":1,"featured_media":0,"parent":0,"menu_order":0,"comment_status":"closed","ping_status":"closed","template":"","meta":{"footnotes":""},"class_list":["post-83","page","type-page","status-publish","hentry"],"_links":{"self":[{"href":"http:\/\/www.heinritz-mutschler.de\/index.php?rest_route=\/wp\/v2\/pages\/83","targetHints":{"allow":["GET"]}}],"collection":[{"href":"http:\/\/www.heinritz-mutschler.de\/index.php?rest_route=\/wp\/v2\/pages"}],"about":[{"href":"http:\/\/www.heinritz-mutschler.de\/index.php?rest_route=\/wp\/v2\/types\/page"}],"author":[{"embeddable":true,"href":"http:\/\/www.heinritz-mutschler.de\/index.php?rest_route=\/wp\/v2\/users\/1"}],"replies":[{"embeddable":true,"href":"http:\/\/www.heinritz-mutschler.de\/index.php?rest_route=%2Fwp%2Fv2%2Fcomments&post=83"}],"version-history":[{"count":5,"href":"http:\/\/www.heinritz-mutschler.de\/index.php?rest_route=\/wp\/v2\/pages\/83\/revisions"}],"predecessor-version":[{"id":164,"href":"http:\/\/www.heinritz-mutschler.de\/index.php?rest_route=\/wp\/v2\/pages\/83\/revisions\/164"}],"wp:attachment":[{"href":"http:\/\/www.heinritz-mutschler.de\/index.php?rest_route=%2Fwp%2Fv2%2Fmedia&parent=83"}],"curies":[{"name":"wp","href":"https:\/\/api.w.org\/{rel}","templated":true}]}}